 g(i) = 3916*i - 50896. Calculate g(13).
12
Let o(w) = -32*w**2 - 2078*w - 46. What is o(-65)?
-176
Let z(m) = -m**3 + 13*m**2 - 9*m + 91. Give z(13).
-26
Let t(l) = l**3 - 11*l - 1. Determine t(-5).
-71
Let f(b) = -b**3 + 84*b**2 + 2*b - 177. Give f(84).
-9
Let q(y) = -4*y**2 + 71*y + 219. Determine q(21).
-54
Let k(s) = s**2 - 33*s + 231. Determine k(20).
-29
Let y(z) = 2*z**3 - 2*z**2 + 15*z - 18. What is y(0)?
-18
Let r(i) = -14*i + 27. Give r(7).
-71
Let h(c) = -c**2 + 22*c + 134. Determine h(-7).
-69
Let g(n) = -93*n + 16742. Give g(180).
2
Let f(w) = w**3 + w**2 + 9*w - 17. What is f(2)?
13
Let d(x) = x**3 - 7*x**2 - 12*x - 9. Determine d(10).
171
Let a(y) = -67*y + 5249. Determine a(78).
23
Let r(f) = -f**3 + 29*f**2 - 21*f + 628. Determine r(29).
19
Let w(x) = x - 187. Determine w(-15).
-202
Let x(a) = -13*a**2 + 89*a + 163. Give x(9).
-89
Let i(g) = -26*g**2 - 119*g + 1. Determine i(-5).
-54
Let i(x) = -2*x**3 + 134*x**2 + 3065*x - 435. Give i(85).
-10
Let m(j) = 10*j - 278. What is m(41)?
132
Let i(p) = p**2 + 44*p - 13. Calculate i(7).
344
Let u(n) = 2*n**3 + 7*n**2 - 21*n - 136. Determine u(-5).
-106
Let h(u) = u**3 - 15*u**2 + 16*u - 26. What is h(14)?
2
Let v(j) = -5*j**2 - 73*j + 21. Calculate v(-15).
-9
Let n(v) = 408*v + 6997. What is n(-17)?
61
Let o(c) = -c**3 - 27*c - 111. Calculate o(-4).
61
Let k(q) = q**3 + 29*q**2 + 23*q - 156. What is k(-28)?
-16
Let q(k) = k**2 - 71*k + 910. Calculate q(26).
-260
Let s(i) = -5*i**2 - 116*i - 601. What is s(-15)?
14
Let h(a) = -22*a - 282. Determine h(-16).
70
Let a(c) = -978*c - 3043. What is a(-3)?
-109
Let t(s) = 3*s**3 - 128*s**2 + 78*s + 210. What is t(42)?
-42
Let c(o) = 1373*o + 8148. Give c(-6).
-90
Let b(l) = -l**2 + 231*l + 102606. What is b(-225)?
6
Let l(w) = -3*w**3 - 24*w**2 + 62*w + 486. Determine l(-8).
-10
Let v(j) = -102*j**3 - 12*j**2 + 6*j + 2. Calculate v(1).
-106
Let u(q) = -q**2 - 2*q - 34. Calculate u(13).
-229
Let h(j) = -3*j**3 + 50*j**2 + 18*j - 77. Give h(17).
-60
Let c(y) = -2*y**2 - 8*y + 32. What is c(9)?
-202
Let p(m) = 108*m - 4201. What is p(41)?
227
Let w(v) = -3*v**2 + 81*v - 43. Give w(26).
35
Let w(p) = -10*p**2 - 4*p + 18. Determine w(3).
-84
Let a(t) = -t**3 - 4*t**2 + 38*t - 23. Calculate a(-9).
40
Let p(v) = 284*v - 1690. Determine p(6).
14
Let j(h) = h**3 + 7*h**2 - 8*h - 189. Give j(-7).
-133
Let y(l) = -l**2 + 73*l - 1048. Calculate y(55).
-58
Let m(o) = o**3 + 13*o**2 + 18*o + 26. Give m(-12).
-46
Let s(z) = -37*z - 104. Give s(-10).
266
Let l(u) = u**2 + 219*u - 2231. Calculate l(10).
59
Let v(d) = -7*d**3 + 4*d**2 + 13*d - 51. Determine v(3).
-165
Let v(t) = -478*t + 891. Calculate v(2).
-65
Let x(t) = -4*t**3 - 2*t**2 + 10*t - 71. Give x(5).
-571
Let p(b) = b**3 + 240*b**2 - 278*b - 8921. What is p(-241)?
-4
Let l(y) = 11*y**2 + 142*y + 416. What is l(-3)?
89
Let t(u) = -u**2 - 141*u + 7918. Calculate t(43).
6
Let r(o) = -2*o**3 - 161*o**2 - 231*o + 469. What is r(-79)?
-5
Let t(u) = -22*u - 845. Give t(-39).
13
Let x(r) = -r**3 + 4*r**2 - 9*r - 138. Give x(0).
-138
Let y(o) = o**3 + 15*o**2 + 2*o + 291. Give y(-16).
3
Let z(w) = -w**2 - 58*w - 461. Determine z(-11).
56
Let l(j) = -j**2 - 101*j + 1368. Calculate l(-113).
12
Let v(z) = -z**3 + 29*z**2 + 147*z - 507. Determine v(33).
-12
Let p(s) = -s**3 + 39*s**2 + 618*s - 25606. Calculate p(37).
-2
Let a(t) = -3*t**2 - 1804*t + 18345. Determine a(10).
5
Let v(o) = -9746*o + 58484. What is v(6)?
8
Let h(v) = v**2 + 47*v + 540. Give h(-28).
8
Let d(a) = -80*a + 382. Calculate d(4).
62
Let r(g) = g**3 - 72*g**2 + 1099*g + 79. Give r(50).
29
Let b(s) = -s**3 + 101*s**2 + 113*s - 1019. Calculate b(102).
103
Let v(m) = m**3 + 2*m**2 + 26*m + 795. Give v(0).
795
Let y(t) = t**3 + 14*t**2 + 39*t + 13. Give y(-10).
23
Let v(y) = y**3 + 14*y**2 - 10*y + 11. Calculate v(-11).
484
Let i(x) = -512*x + 31754. Give i(62).
10
Let x(q) = -414*q + 144470. Calculate x(349).
-16
Let v(g) = -26*g**3 + 5*g**2 + 5*g - 11. Determine v(1).
-27
Let k(q) = -2*q**3 - 7*q**2 + 88*q - 19. Calculate k(5).
-4
Let w(u) = 59*u + 1115. What is w(-19)?
-6
Let v(d) = -9*d - 88. Give v(-17).
65
Let o(a) = -a**3 + 3*a**2 - 301*a + 1185. Calculate o(4).
-35
Let b(a) = a**2 - 55*a + 149. Calculate b(3).
-7
Let p(g) = -25*g**2 + 11*g - 20. Determine p(3).
-212
Let z(b) = 7*b + 231. Determine z(-21).
84
Let y(i) = i**3 - 13*i**2 + 405*i - 4630. What is y(11)?
-417
Let v(p) = 1115*p + 6707. Calculate v(-6).
17
Let w(d) = -d**3 - 6*d**2 + 2*d + 26. What is w(-6)?
14
Let q(a) = 3*a**3 - 36*a**2 - 26*a - 34. What is q(13)?
135
Let i(t) = -2*t**3 - 12*t**2 + t + 28. Determine i(-6).
22
Let g(y) = -y**2 + 35*y - 136. Give g(5).
14
Let p(c) = 451*c - 9471. Determine p(21).
0
Let r(m) = 4*m**3 + 139*m**2 - 29*m + 252. What is r(-35)?
42
Let k(s) = s**3 - s**2 - 4. Give k(-4).
-84
Let z(x) = 18*x + 4350. Give z(-242).
-6
Let o(p) = 2*p**3 + 44*p**2 - 8*p - 144. Determine o(-22).
32
Let o(h) = 10*h - 443. Give o(48).
37
Let q(u) = -101*u - 2331. Calculate q(-23).
-8
Let f(u) = 142*u - 798. Calculate f(6).
54
Let p(h) = -14*h + 159. What is p(9)?
33
Let r(w) = w**3 + 44*w**2 + 291*w + 18. Determine r(-8).
-6
Let a(o) = 7*o**2 - 70*o + 110. Determine a(8).
-2
Let g(m) = m**3 + 128*m**2 - 184*m - 7099. What is g(-129)?
-4
Let l(b) = -5*b**3 + 44*b**2 + 10*b - 2. Calculate l(9).
7
Let j(a) = 45*a - 605. What is j(10)?
-155
Let x(d) = 6*d - 154. What is x(36)?
62
Let u(z) = 1494*z - 280877. What is u(188)?
-5
Let a(d) = -4*d**2 - 55*d - 70. Give a(-13).
-31
Let q(s) = 3*s**3 + 2*s**2 - 22*s - 73. What is q(-3)?
-70
Let k(z) = -130*z - 2032. Give k(-15).
-82
Let v(c) = c**3 + 4*c**2 - 597*c + 8. Determine v(23).
560
Let x(f) = 3*f**3 + 226*f**2 + 74*f - 27. Determine x(-75).
48
Let h(c) = -5*c**2 - c + 2. Give h(-1).
-2
Let r(p) = 8*p**2 - 216*p + 24. Give r(29).
488
Let r(b) = 2*b**3 - 6*b**2 + 44*b - 149. Determine r(3).
-17
Let w(r) = 5*r + 264. What is w(14)?
334
Let m(o) = 2*o**3 + 35*o**2 + 16*o - 7. Determine m(-17).
10
Let j(f) = -50*f + 80. What is j(5)?
-170
Let y(g) = 367*g + 2171. What is y(-6)?
-31
Let p(i) = -i**3 + 25*i**2 + 34*i + 96. Calculate p(26).
304
Let s(p) = -p**2 + 56*p - 32. Give s(48).
352
Let g(y) = y**3 - 43*y**2 - 189*y + 42. Calculate g(47).
-5
Let b(g) = g**3 - 86*g**2 - 162*g - 1315. Give b(88).
-83
Let i(j) = j**3 - 38*j**2 - 33*j - 203. Determine i(39).
31
Let h(r) = -221*r + 1863. Give h(8).
95
Let d(f) = 2*f**2 - 118*f + 1127. What is d(12)?
-1
Let r(p) = 1089*p + 18284. Give r(-17).
-229
Let g(v) = -v**3 - 8*v**2 + 27*v + 83. Calculate g(-10).
13
Let m(f) = -f**3 + 22*f**2 + 2*f - 144. Calculate m(22).
-100
Let l(d) = -90*d + 750. Calculate l(8).
30
Let f(d) = 41*d + 3097. Determine f(-78).
-101
Let t(j) = 43*j + 163. What is t(-4)?
-9
Let p(h) = 3*h - 193. Give p(42).
-67
Let c(k) = -k**3 + 73*k**2 + 307*k + 201. What is c(77)?
124
Let x(n) = -n**3 + 20*n**2 + 35*n - 337. What is x(21)?
-43
Let h(n) = -3*n**3 + 14*n**2 - 8*n - 29. Give h(-3).
202
Let m(i) = -i**2 - 186*i - 1883. Give m(-12).
205
Let v(l) = -94*l - 13252. Give v(-141).
2
Let d(k) = -k**3 + 19*k**2 + 24*k + 47. Determine d(20).
127
Let o(k) = -k**3 - 17*k**2 - 65*k - 66. Determine o(-12).
-6
Let z(f) = -79*f + 31. Determine z(-6).
505
Let r(t) = -t**3 - 13*t**2 + 13*t - 8. Determine r(-14).
6
Let f(n) = 28*n**2 + 27*n - 16. Calculate f(-5).
549
Let a(i) = i**3 - 34*i**2 + 35*i - 19. What is a(33)?
47
Let u(q) = 34*q + 1834. Give u(-54).
-2
Let b(s) = s**2 - 1469*s + 18931. Give b(13).
3
Let s(f) = -31*f + 3435. What is s(111)?
-6
Let j(t) = -355*t + 2442. What is j(6)?
312
Let z(n) = -5010*n + 25048. Give z(5).
-2
Let a(z) = -14*z - 28. Determine a(6).
-112
Let l(a) = -400*a - 11192. What is l(-28)?
8
Let k(n) = n**3 - 10*n**2 + 38*n. What is k(6)?
84
Let u(z) = 835*z + 10860. What is u(-13)?
5
Let i(v) = -v**3 - 72*v**2 - v - 83. What is i(-72)?
-11
Let y(p) = -6*p**2 + 515*p + 83. Give y(86).
-3
Let v(h) = 765*h + 13769. Calculate v(-18).
-1
Let n(l) = -2*l**3 - 9*l**2 + 62*l + 238. Give n(-4).
-26
Let h(g) = -g**3 - 10*g**2 - 58*g - 30. Calculate h(-5).
135
Let s(g) = -g**2 - 31*g + 1323. Calculate s(24).
3
Let c(z) = -z**3 + 3*z**2 - 34*z + 97. Calculate c(5).
-123
Let q(f) = 117*f + 11821. Give q(-101).
4
Let f(q) = -13*q**3 - 8*q*